{"id":15,"date":"2019-08-21T14:25:02","date_gmt":"2019-08-21T14:25:02","guid":{"rendered":"http:\/\/jung-verwitwet.org\/?page_id=15"},"modified":"2026-04-30T14:56:37","modified_gmt":"2026-04-30T14:56:37","slug":"veranstaltungen","status":"publish","type":"page","link":"https:\/\/jung-verwitwet.org\/?page_id=15","title":{"rendered":"N\u00e4chste Veranstaltungen"},"content":{"rendered":"\n<p><strong>Trauercaf\u00e9  &#8211; Freitag  &#8211; 15.05.2026  16-19h.<\/strong><\/p>\n\n\n\n<p><\/p>\n\n\n\n<p>Sanne und Anne laden Euch ein zum Trauercaf\u00e9-Nachmittag bei Kaffee, Tee und Keksen.<br>Wir freuen uns auf einen offenen Austausch mit Euch in entspannten Rahmen.<\/p>\n\n\n\n<p>Zur Info: Dies ist ein bewusst niederschwelliges Angebot um ganz ungezwungen in einen Austausch von Betroffenen f\u00fcr Betroffene zu kommen. Wer seine Kids mitbringen m\u00f6chte, diese sind gerne willkommen.<br>Gerne kann auch etwas f\u00fcrs Buffet mitgebracht werden.<br>Wir hoffen viele von Euch wieder zu sehen.<\/p>\n\n\n\n<p>Ertmalige Anmeldung \u00fcber mail@jung-verwitwet.org <\/p>\n\n\n\n<p>Ort:  NEU: R\u00e4umlichkeiten der Hospizgruppe Freiburg, T\u00fcrkenlouisstr. 22, 79102 Freiburg<\/p>\n\n\n\n<p><\/p>\n\n\n\n<p><\/p>\n\n\n\n<p><strong>Neue Trauergruppe ab Februar 2026<\/strong> &#8211; geschlossen. Neu ab 2027.<\/p>\n\n\n\n<p>Am 13.Februar 2026 startete im Hospiz die n\u00e4chste Trauergruppe f\u00fcr Jung-Verwitwete Menschen.<br>Diese wird von Hildegard Bargenda (Hospizverein) und Oliver Gericke (jung verwitwet eV) angeleitet.<br><strong>Wann?\u00a0 Freitags 17:00 &#8211; 19:00 h<br><\/strong>Wo?\u00a0 \u00a0 \u00a0 Hospizgruppe Freiburg, T\u00fcrkenlouisstr. 22, 79102 Freiburg<\/p>\n\n\n\n<p>Die aktuelle Trauergruppe wird ab April 2026 als geschlossene Gruppe gef\u00fchrt.<\/p>\n\n\n\n<p>N\u00e4chster Einstiegstermin: <br>Beginn 2027 <br><br>Anmelden k\u00f6nnt ihr Euch bei Interesse direkt bei uns. <br>Falls wir uns noch nicht kennen, w\u00fcrde Frau Bargenda vom Hospizverein mit den Interessenten vorab ein Gespr\u00e4ch f\u00fchren.<\/p>\n\n\n\n<p>Auf Wunsch k\u00f6nnten wir eine Kinderbetreuung organisieren, hierzu bitte fr\u00fchzeitig Bescheid geben.<\/p>\n\n\n\n<p>F\u00fcr R\u00fcckfragen k\u00f6nnt ihr uns gerne kontaktieren.<br>mail@jung-verwitwet.org<\/p>\n\n\n\n<p><\/p>\n\n\n\n<p><\/p>\n\n\n\n<p><strong>Trauerwochende 2026 in St. Ulrich<\/strong> (Im Bildungshaus Kloster St. Ulrich bei Bollschweil)<\/p>\n\n\n\n<p>Save the Date: <\/p>\n\n\n\n<p>Freitag 10.07.26 bis Sonntag 12.07.26<\/p>\n\n\n\n<p>Hinweis: Das Trauerwochende richtet sich an einen Teilnehmerkreis, bei dem der Todesfall eher etwas l\u00e4nger zur\u00fcckliegt. Eine Kinderbetreuung ist f\u00fcr das Wochenende eingerichtet.<\/p>\n\n\n\n<p>Bitte bis 30.05.2026 anmelden unter : mail@vorstandjv<\/p>\n\n\n\n<p><\/p>\n\n\n\n<p><strong>Kreatives k\u00fcnstlerisches Gestalten <\/strong><br>  &#8211; zur Zeit findet kein Kurs statt &#8211; <br><\/p>\n\n\n\n<p><strong>Weiteres:<\/strong><br>Wir sind in Planung weiterer Treffm\u00f6glichkeiten.<br>Uns stehen f\u00fcr unsere regelm\u00e4\u00dfigen Treffen das Heinrich-Hansjakob-Haus bzw. das Selbsthilfeb\u00fcro Freiburg zur Verf\u00fcgung. Bei gutem Wetter m\u00f6chten wir uns aber drau\u00dfen aufhalten.<\/p>\n","protected":false},"excerpt":{"rendered":"<p>Trauercaf\u00e9 &#8211; Freitag &#8211; 15.05.2026 16-19h. Sanne und Anne laden Euch ein zum Trauercaf\u00e9-Nachmittag bei Kaffee, Tee und Keksen.Wir freuen uns auf einen offenen Austausch mit Euch in entspannten Rahmen. Zur Info: Dies ist ein bewusst niederschwelliges Angebot um ganz ungezwungen in einen Austausch von Betroffenen f\u00fcr Betroffene zu kommen. Wer seine Kids mitbringen m\u00f6chte, [&hellip;]<\/p>\n","protected":false},"author":1,"featured_media":0,"parent":0,"menu_order":0,"comment_status":"closed","ping_status":"closed","template":"","meta":[],"_links":{"self":[{"href":"https:\/\/jung-verwitwet.org\/index.php?rest_route=\/wp\/v2\/pages\/15"}],"collection":[{"href":"https:\/\/jung-verwitwet.org\/index.php?rest_route=\/wp\/v2\/pages"}],"about":[{"href":"https:\/\/jung-verwitwet.org\/index.php?rest_route=\/wp\/v2\/types\/page"}],"author":[{"embeddable":true,"href":"https:\/\/jung-verwitwet.org\/index.php?rest_route=\/wp\/v2\/users\/1"}],"replies":[{"embeddable":true,"href":"https:\/\/jung-verwitwet.org\/index.php?rest_route=%2Fwp%2Fv2%2Fcomments&post=15"}],"version-history":[{"count":36,"href":"https:\/\/jung-verwitwet.org\/index.php?rest_route=\/wp\/v2\/pages\/15\/revisions"}],"predecessor-version":[{"id":288,"href":"https:\/\/jung-verwitwet.org\/index.php?rest_route=\/wp\/v2\/pages\/15\/revisions\/288"}],"wp:attachment":[{"href":"https:\/\/jung-verwitwet.org\/index.php?rest_route=%2Fwp%2Fv2%2Fmedia&parent=15"}],"curies":[{"name":"wp","href":"https:\/\/api.w.org\/{rel}","templated":true}]}}

Nächste Veranstaltungen

<p><strong>Trauercafé  &#8211; Freitag  &#8211; 15.05.2026  16-19h.</strong></p>



<p></p>



<p>Sanne und Anne laden Euch ein zum Trauercafé-Nachmittag bei Kaffee, Tee und Keksen.<br>Wir freuen uns auf einen offenen Austausch mit Euch in entspannten Rahmen.</p>



<p>Zur Info: Dies ist ein bewusst niederschwelliges Angebot um ganz ungezwungen in einen Austausch von Betroffenen für Betroffene zu kommen. Wer seine Kids mitbringen möchte, diese sind gerne willkommen.<br>Gerne kann auch etwas fürs Buffet mitgebracht werden.<br>Wir hoffen viele von Euch wieder zu sehen.</p>



<p>Ertmalige Anmeldung über mail@jung-verwitwet.org </p>



<p>Ort:  NEU: Räumlichkeiten der Hospizgruppe Freiburg, Türkenlouisstr. 22, 79102 Freiburg</p>



<p></p>



<p></p>



<p><strong>Neue Trauergruppe ab Februar 2026</strong> &#8211; geschlossen. Neu ab 2027.</p>



<p>Am 13.Februar 2026 startete im Hospiz die nächste Trauergruppe für Jung-Verwitwete Menschen.<br>Diese wird von Hildegard Bargenda (Hospizverein) und Oliver Gericke (jung verwitwet eV) angeleitet.<br><strong>Wann?  Freitags 17:00 &#8211; 19:00 h<br></strong>Wo?      Hospizgruppe Freiburg, Türkenlouisstr. 22, 79102 Freiburg</p>



<p>Die aktuelle Trauergruppe wird ab April 2026 als geschlossene Gruppe geführt.</p>



<p>Nächster Einstiegstermin: <br>Beginn 2027 <br><br>Anmelden könnt ihr Euch bei Interesse direkt bei uns. <br>Falls wir uns noch nicht kennen, würde Frau Bargenda vom Hospizverein mit den Interessenten vorab ein Gespräch führen.</p>



<p>Auf Wunsch könnten wir eine Kinderbetreuung organisieren, hierzu bitte frühzeitig Bescheid geben.</p>



<p>Für Rückfragen könnt ihr uns gerne kontaktieren.<br>mail@jung-verwitwet.org</p>



<p></p>



<p></p>



<p><strong>Trauerwochende 2026 in St. Ulrich</strong> (Im Bildungshaus Kloster St. Ulrich bei Bollschweil)</p>



<p>Save the Date: </p>



<p>Freitag 10.07.26 bis Sonntag 12.07.26</p>



<p>Hinweis: Das Trauerwochende richtet sich an einen Teilnehmerkreis, bei dem der Todesfall eher etwas länger zurückliegt. Eine Kinderbetreuung ist für das Wochenende eingerichtet.</p>



<p>Bitte bis 30.05.2026 anmelden unter : mail@vorstandjv</p>



<p></p>



<p><strong>Kreatives künstlerisches Gestalten </strong><br>  &#8211; zur Zeit findet kein Kurs statt &#8211; <br></p>



<p><strong>Weiteres:</strong><br>Wir sind in Planung weiterer Treffmöglichkeiten.<br>Uns stehen für unsere regelmäßigen Treffen das Heinrich-Hansjakob-Haus bzw. das Selbsthilfebüro Freiburg zur Verfügung. Bei gutem Wetter möchten wir uns aber draußen aufhalten.</p>

<p>Trauercafé &#8211; Freitag &#8211; 15.05.2026 16-19h. Sanne und Anne laden Euch ein zum Trauercafé-Nachmittag bei Kaffee, Tee und Keksen.Wir freuen uns auf einen offenen Austausch mit Euch in entspannten Rahmen. Zur Info: Dies ist ein bewusst niederschwelliges Angebot um ganz ungezwungen in einen Austausch von Betroffenen für Betroffene zu kommen. Wer seine Kids mitbringen möchte, [&hellip;]</p>
