{"id":56,"date":"2019-08-22T09:15:29","date_gmt":"2019-08-22T09:15:29","guid":{"rendered":"http:\/\/jung-verwitwet.org\/?page_id=56"},"modified":"2025-11-10T17:57:54","modified_gmt":"2025-11-10T17:57:54","slug":"rueckblick","status":"publish","type":"page","link":"https:\/\/jung-verwitwet.org\/?page_id=56","title":{"rendered":"R\u00fcckblick &#8211; (eine Auswahl)"},"content":{"rendered":"\n<p><strong>2025_10 Zweites Trauerwochenende in St. Ulrich<br><\/strong>                    Zwei Tage im Herbst in St. Ulrich. Mit Hanna, Daniel und Oliver.<br>                    Der Trauer k\u00fcnstlerisch Ausdruck geben, beim intuitiven Bogenschie\u00dfen sich selbst fokussieren und <br>                    auf dem Lebensweg neue Impulse setzen. Mit separater Kinderbetreuung.<\/p>\n\n\n\n<div class=\"is-layout-constrained wp-block-group\"><div class=\"wp-block-group__inner-container\">\n<figure class=\"wp-block-image size-large is-resized\"><img decoding=\"async\" loading=\"lazy\" src=\"http:\/\/jung-verwitwet.org\/wp-content\/uploads\/2025\/11\/signal-2025-10-26-18-18-15-518-2-1024x577.jpg\" alt=\"\" class=\"wp-image-262\" width=\"299\" height=\"168\" srcset=\"https:\/\/jung-verwitwet.org\/wp-content\/uploads\/2025\/11\/signal-2025-10-26-18-18-15-518-2-1024x577.jpg 1024w, https:\/\/jung-verwitwet.org\/wp-content\/uploads\/2025\/11\/signal-2025-10-26-18-18-15-518-2-300x169.jpg 300w, https:\/\/jung-verwitwet.org\/wp-content\/uploads\/2025\/11\/signal-2025-10-26-18-18-15-518-2-768x432.jpg 768w, https:\/\/jung-verwitwet.org\/wp-content\/uploads\/2025\/11\/signal-2025-10-26-18-18-15-518-2-1536x865.jpg 1536w, https:\/\/jung-verwitwet.org\/wp-content\/uploads\/2025\/11\/signal-2025-10-26-18-18-15-518-2-1200x676.jpg 1200w, https:\/\/jung-verwitwet.org\/wp-content\/uploads\/2025\/11\/signal-2025-10-26-18-18-15-518-2-600x338.jpg 600w, https:\/\/jung-verwitwet.org\/wp-content\/uploads\/2025\/11\/signal-2025-10-26-18-18-15-518-2.jpg 2048w\" sizes=\"(max-width: 299px) 100vw, 299px\" \/><figcaption class=\"wp-element-caption\">Im Werkraum<\/figcaption><\/figure>\n\n\n\n<figure class=\"wp-block-image size-medium\"><img decoding=\"async\" loading=\"lazy\" width=\"300\" height=\"210\" src=\"http:\/\/jung-verwitwet.org\/wp-content\/uploads\/2025\/11\/signal-2025-10-26-18-18-15-518-12-300x210.jpg\" alt=\"\" class=\"wp-image-263\" srcset=\"https:\/\/jung-verwitwet.org\/wp-content\/uploads\/2025\/11\/signal-2025-10-26-18-18-15-518-12-300x210.jpg 300w, https:\/\/jung-verwitwet.org\/wp-content\/uploads\/2025\/11\/signal-2025-10-26-18-18-15-518-12-1024x717.jpg 1024w, https:\/\/jung-verwitwet.org\/wp-content\/uploads\/2025\/11\/signal-2025-10-26-18-18-15-518-12-768x538.jpg 768w, https:\/\/jung-verwitwet.org\/wp-content\/uploads\/2025\/11\/signal-2025-10-26-18-18-15-518-12-1536x1076.jpg 1536w, https:\/\/jung-verwitwet.org\/wp-content\/uploads\/2025\/11\/signal-2025-10-26-18-18-15-518-12-1200x840.jpg 1200w, https:\/\/jung-verwitwet.org\/wp-content\/uploads\/2025\/11\/signal-2025-10-26-18-18-15-518-12-600x420.jpg 600w, https:\/\/jung-verwitwet.org\/wp-content\/uploads\/2025\/11\/signal-2025-10-26-18-18-15-518-12.jpg 2048w\" sizes=\"(max-width: 300px) 100vw, 300px\" \/><figcaption class=\"wp-element-caption\">intuitives Bogenschie\u00dfen<\/figcaption><\/figure>\n<\/div><\/div>\n\n\n\n<figure class=\"wp-block-image size-medium\"><img decoding=\"async\" loading=\"lazy\" width=\"300\" height=\"300\" src=\"http:\/\/jung-verwitwet.org\/wp-content\/uploads\/2025\/11\/signal-2025-10-26-18-18-15-518-300x300.jpg\" alt=\"\" class=\"wp-image-260\" srcset=\"https:\/\/jung-verwitwet.org\/wp-content\/uploads\/2025\/11\/signal-2025-10-26-18-18-15-518-300x300.jpg 300w, https:\/\/jung-verwitwet.org\/wp-content\/uploads\/2025\/11\/signal-2025-10-26-18-18-15-518-1024x1024.jpg 1024w, https:\/\/jung-verwitwet.org\/wp-content\/uploads\/2025\/11\/signal-2025-10-26-18-18-15-518-150x150.jpg 150w, https:\/\/jung-verwitwet.org\/wp-content\/uploads\/2025\/11\/signal-2025-10-26-18-18-15-518-768x768.jpg 768w, https:\/\/jung-verwitwet.org\/wp-content\/uploads\/2025\/11\/signal-2025-10-26-18-18-15-518-1536x1536.jpg 1536w, https:\/\/jung-verwitwet.org\/wp-content\/uploads\/2025\/11\/signal-2025-10-26-18-18-15-518-1200x1201.jpg 1200w, https:\/\/jung-verwitwet.org\/wp-content\/uploads\/2025\/11\/signal-2025-10-26-18-18-15-518-600x600.jpg 600w, https:\/\/jung-verwitwet.org\/wp-content\/uploads\/2025\/11\/signal-2025-10-26-18-18-15-518.jpg 1959w\" sizes=\"(max-width: 300px) 100vw, 300px\" \/><figcaption class=\"wp-element-caption\">Gruppenraum<\/figcaption><\/figure>\n\n\n\n<p><\/p>\n\n\n\n<p><strong>2025_06 Wanderung nach St. Ottilien<\/strong><\/p>\n\n\n\n<p><strong>2024_02 Erstes Trauerwochenende in St. Ulrich <\/strong><br>                    Zwei Tage in St. Ulrich. Mit separater Kinderbetreuung. <\/p>\n\n\n\n<p><strong>2023_12 Circolo &#8211; Weihnachtszirkus<\/strong><br>                    (wiederum vier Kindern konnten wir wieder eine Nachmittagsvorstellung schenken)<\/p>\n\n\n\n<p><strong>2023_12 Seifenworkshop<\/strong><\/p>\n\n\n\n<p><strong>2023_06 Pfingstferien &#8211; Eine Woche im Bayrischen<\/strong> <\/p>\n\n\n\n<p><strong>2023:<\/strong>  <strong>Seifenmanufaktur<\/strong><\/p>\n\n\n\n<p><strong>2022:  Circolo &#8211; Weihnachtszirkus<\/strong><br>              (vier Kindern konnten wir eine Freude mit der Nachmittagsvorstellung bereiten)<\/p>\n\n\n\n<p><strong>2022:  Tag der starken Herzen &#8211; Aktion von &#8222;alles ist anders&#8220; und Europapark <\/strong><br>              (sieben Kindern und f\u00fcnf Erwachsene konnten einen sch\u00f6nen Nachmittag im Europapark verbringen)<\/p>\n\n\n\n<p><strong>2022:  Kr\u00e4uterwanderungen f\u00fcr Trauernde (Fr\u00fchjahr und Herbst)<\/strong><\/p>\n\n\n\n<p><strong>2021:  K\u00fcnstlerisches Gestalten ab  November (bis heute)<\/strong><\/p>\n\n\n\n<p>2021:  M\u00fcnsterf\u00fchrung November <\/p>\n\n\n\n<p>2020-2021: Selbsthilfegruppe im Haus des Freiburger Selbsthilfeb\u00fcro<\/p>\n\n\n\n<p>Schlittenfahren im Winter 2017<\/p>\n\n\n\n<p>Picknick im Fr\u00fchjahr 2017<\/p>\n\n\n\n<p>Wanderung auf dem Lebensweg Herbst 2017 \/ 2020<\/p>\n\n\n\n<p>Sommerfest 2018 \/ 2020<\/p>\n\n\n\n<p>Sonntagsbrunch(e) Sommer 2018\/2019 <\/p>\n\n\n\n<p><\/p>\n\n\n\n<p><\/p>\n","protected":false},"excerpt":{"rendered":"<p>2025_10 Zweites Trauerwochenende in St. Ulrich Zwei Tage im Herbst in St. Ulrich. Mit Hanna, Daniel und Oliver. Der Trauer k\u00fcnstlerisch Ausdruck geben, beim intuitiven Bogenschie\u00dfen sich selbst fokussieren und auf dem Lebensweg neue Impulse setzen. Mit separater Kinderbetreuung. 2025_06 Wanderung nach St. Ottilien 2024_02 Erstes Trauerwochenende in St. Ulrich Zwei Tage in St. Ulrich. [&hellip;]<\/p>\n","protected":false},"author":1,"featured_media":0,"parent":0,"menu_order":0,"comment_status":"closed","ping_status":"closed","template":"","meta":[],"_links":{"self":[{"href":"https:\/\/jung-verwitwet.org\/index.php?rest_route=\/wp\/v2\/pages\/56"}],"collection":[{"href":"https:\/\/jung-verwitwet.org\/index.php?rest_route=\/wp\/v2\/pages"}],"about":[{"href":"https:\/\/jung-verwitwet.org\/index.php?rest_route=\/wp\/v2\/types\/page"}],"author":[{"embeddable":true,"href":"https:\/\/jung-verwitwet.org\/index.php?rest_route=\/wp\/v2\/users\/1"}],"replies":[{"embeddable":true,"href":"https:\/\/jung-verwitwet.org\/index.php?rest_route=%2Fwp%2Fv2%2Fcomments&post=56"}],"version-history":[{"count":7,"href":"https:\/\/jung-verwitwet.org\/index.php?rest_route=\/wp\/v2\/pages\/56\/revisions"}],"predecessor-version":[{"id":264,"href":"https:\/\/jung-verwitwet.org\/index.php?rest_route=\/wp\/v2\/pages\/56\/revisions\/264"}],"wp:attachment":[{"href":"https:\/\/jung-verwitwet.org\/index.php?rest_route=%2Fwp%2Fv2%2Fmedia&parent=56"}],"curies":[{"name":"wp","href":"https:\/\/api.w.org\/{rel}","templated":true}]}}

Rückblick &#8211; (eine Auswahl)

<p><strong>2025_10 Zweites Trauerwochenende in St. Ulrich<br></strong>                    Zwei Tage im Herbst in St. Ulrich. Mit Hanna, Daniel und Oliver.<br>                    Der Trauer künstlerisch Ausdruck geben, beim intuitiven Bogenschießen sich selbst fokussieren und <br>                    auf dem Lebensweg neue Impulse setzen. Mit separater Kinderbetreuung.</p>



<div class="is-layout-constrained wp-block-group"><div class="wp-block-group__inner-container">
<figure class="wp-block-image size-large is-resized"><img decoding="async" loading="lazy" src="http://jung-verwitwet.org/wp-content/uploads/2025/11/signal-2025-10-26-18-18-15-518-2-1024x577.jpg" alt="" class="wp-image-262" width="299" height="168" srcset="https://jung-verwitwet.org/wp-content/uploads/2025/11/signal-2025-10-26-18-18-15-518-2-1024x577.jpg 1024w, https://jung-verwitwet.org/wp-content/uploads/2025/11/signal-2025-10-26-18-18-15-518-2-300x169.jpg 300w, https://jung-verwitwet.org/wp-content/uploads/2025/11/signal-2025-10-26-18-18-15-518-2-768x432.jpg 768w, https://jung-verwitwet.org/wp-content/uploads/2025/11/signal-2025-10-26-18-18-15-518-2-1536x865.jpg 1536w, https://jung-verwitwet.org/wp-content/uploads/2025/11/signal-2025-10-26-18-18-15-518-2-1200x676.jpg 1200w, https://jung-verwitwet.org/wp-content/uploads/2025/11/signal-2025-10-26-18-18-15-518-2-600x338.jpg 600w, https://jung-verwitwet.org/wp-content/uploads/2025/11/signal-2025-10-26-18-18-15-518-2.jpg 2048w" sizes="(max-width: 299px) 100vw, 299px" /><figcaption class="wp-element-caption">Im Werkraum</figcaption></figure>



<figure class="wp-block-image size-medium"><img decoding="async" loading="lazy" width="300" height="210" src="http://jung-verwitwet.org/wp-content/uploads/2025/11/signal-2025-10-26-18-18-15-518-12-300x210.jpg" alt="" class="wp-image-263" srcset="https://jung-verwitwet.org/wp-content/uploads/2025/11/signal-2025-10-26-18-18-15-518-12-300x210.jpg 300w, https://jung-verwitwet.org/wp-content/uploads/2025/11/signal-2025-10-26-18-18-15-518-12-1024x717.jpg 1024w, https://jung-verwitwet.org/wp-content/uploads/2025/11/signal-2025-10-26-18-18-15-518-12-768x538.jpg 768w, https://jung-verwitwet.org/wp-content/uploads/2025/11/signal-2025-10-26-18-18-15-518-12-1536x1076.jpg 1536w, https://jung-verwitwet.org/wp-content/uploads/2025/11/signal-2025-10-26-18-18-15-518-12-1200x840.jpg 1200w, https://jung-verwitwet.org/wp-content/uploads/2025/11/signal-2025-10-26-18-18-15-518-12-600x420.jpg 600w, https://jung-verwitwet.org/wp-content/uploads/2025/11/signal-2025-10-26-18-18-15-518-12.jpg 2048w" sizes="(max-width: 300px) 100vw, 300px" /><figcaption class="wp-element-caption">intuitives Bogenschießen</figcaption></figure>
</div></div>



<figure class="wp-block-image size-medium"><img decoding="async" loading="lazy" width="300" height="300" src="http://jung-verwitwet.org/wp-content/uploads/2025/11/signal-2025-10-26-18-18-15-518-300x300.jpg" alt="" class="wp-image-260" srcset="https://jung-verwitwet.org/wp-content/uploads/2025/11/signal-2025-10-26-18-18-15-518-300x300.jpg 300w, https://jung-verwitwet.org/wp-content/uploads/2025/11/signal-2025-10-26-18-18-15-518-1024x1024.jpg 1024w, https://jung-verwitwet.org/wp-content/uploads/2025/11/signal-2025-10-26-18-18-15-518-150x150.jpg 150w, https://jung-verwitwet.org/wp-content/uploads/2025/11/signal-2025-10-26-18-18-15-518-768x768.jpg 768w, https://jung-verwitwet.org/wp-content/uploads/2025/11/signal-2025-10-26-18-18-15-518-1536x1536.jpg 1536w, https://jung-verwitwet.org/wp-content/uploads/2025/11/signal-2025-10-26-18-18-15-518-1200x1201.jpg 1200w, https://jung-verwitwet.org/wp-content/uploads/2025/11/signal-2025-10-26-18-18-15-518-600x600.jpg 600w, https://jung-verwitwet.org/wp-content/uploads/2025/11/signal-2025-10-26-18-18-15-518.jpg 1959w" sizes="(max-width: 300px) 100vw, 300px" /><figcaption class="wp-element-caption">Gruppenraum</figcaption></figure>



<p></p>



<p><strong>2025_06 Wanderung nach St. Ottilien</strong></p>



<p><strong>2024_02 Erstes Trauerwochenende in St. Ulrich </strong><br>                    Zwei Tage in St. Ulrich. Mit separater Kinderbetreuung. </p>



<p><strong>2023_12 Circolo &#8211; Weihnachtszirkus</strong><br>                    (wiederum vier Kindern konnten wir wieder eine Nachmittagsvorstellung schenken)</p>



<p><strong>2023_12 Seifenworkshop</strong></p>



<p><strong>2023_06 Pfingstferien &#8211; Eine Woche im Bayrischen</strong> </p>



<p><strong>2023:</strong>  <strong>Seifenmanufaktur</strong></p>



<p><strong>2022:  Circolo &#8211; Weihnachtszirkus</strong><br>              (vier Kindern konnten wir eine Freude mit der Nachmittagsvorstellung bereiten)</p>



<p><strong>2022:  Tag der starken Herzen &#8211; Aktion von &#8222;alles ist anders&#8220; und Europapark </strong><br>              (sieben Kindern und fünf Erwachsene konnten einen schönen Nachmittag im Europapark verbringen)</p>



<p><strong>2022:  Kräuterwanderungen für Trauernde (Frühjahr und Herbst)</strong></p>



<p><strong>2021:  Künstlerisches Gestalten ab  November (bis heute)</strong></p>



<p>2021:  Münsterführung November </p>



<p>2020-2021: Selbsthilfegruppe im Haus des Freiburger Selbsthilfebüro</p>



<p>Schlittenfahren im Winter 2017</p>



<p>Picknick im Frühjahr 2017</p>



<p>Wanderung auf dem Lebensweg Herbst 2017 / 2020</p>



<p>Sommerfest 2018 / 2020</p>



<p>Sonntagsbrunch(e) Sommer 2018/2019 </p>



<p></p>



<p></p>

<p>2025_10 Zweites Trauerwochenende in St. Ulrich Zwei Tage im Herbst in St. Ulrich. Mit Hanna, Daniel und Oliver. Der Trauer künstlerisch Ausdruck geben, beim intuitiven Bogenschießen sich selbst fokussieren und auf dem Lebensweg neue Impulse setzen. Mit separater Kinderbetreuung. 2025_06 Wanderung nach St. Ottilien 2024_02 Erstes Trauerwochenende in St. Ulrich Zwei Tage in St. Ulrich. [&hellip;]</p>
